{"id":22,"date":"2018-10-03T12:55:31","date_gmt":"2018-10-03T10:55:31","guid":{"rendered":"https:\/\/diminimo.de\/wordpress\/?page_id=22"},"modified":"2024-12-03T17:29:14","modified_gmt":"2024-12-03T16:29:14","slug":"homepage","status":"publish","type":"page","link":"https:\/\/diminimo.de\/","title":{"rendered":"Homepage"},"content":{"rendered":"<p><!-- start Agency Header --><\/p>\n<h1>STEPHAN MICKEL<\/h1>\n<h2>Drucksachen u. <br \/>IT-Dienstleistungen<\/h2>\n<p>            Wenn sie das besondere brauchen&#8230;<br \/>\n            <a href=\"#angebot\" style=\"background-color:#212127;\">mehr erfahren<\/a><br \/>\n    \t<img decoding=\"async\" src=\"https:\/\/diminimo.de\/wordpress\/wp-content\/uploads\/blox_page_builder\/satzkasten_hoch.jpg\" alt=\"\" title=\"\"><br \/>\n        \t<a href=\"https:\/\/www.youtube.com\/watch?v=5tDv1iOZeSw\" target=\"_blank\" data-lity><br \/>\n              <img decoding=\"async\" src=\"\" alt=\"\" title=\"\"><br \/>\n         \t<\/a><br \/>\n\t\t\t<!-- end Agency Header --><br \/>\n\t\t\t<!-- start Lind Diamond Seperator --><br \/>\n\t\t\t<!-- end Lind Diamond Seperator --><br \/>\n\t\t\t<!-- start Image --><br \/>\n  <img decoding=\"async\" src=\"https:\/\/diminimo.de\/wordpress\/wp-content\/uploads\/blox_page_builder\/pixabay-dec8a16618b49ef7.jpg\" alt=\"\" title=\"\" style=\"max-width:100%; width:100%;border-radius:0px;margin:0;\" \/><br \/>\n\t\t\t<!-- end Image --><br \/>\n\t\t\t<!-- start Title --><br \/>\nDrucksachen<br \/>\n\t\t\t<!-- end Title --><!-- start Paragraph --><br \/>\nAlles was Sie privat oder gesch\u00e4ftlich brauchen, wir drucken oder beschaffen es!<\/p>\n<p> Einfach mal fragen&#8230;<br \/>\n\t\t\t<!-- end Paragraph --><!-- start Button Group --><br \/>\n<a href=\"#kontakt\" id=\"uc_blox_btn_group68395_item1\" target=\"_self\">zu den Kontaktdaten<\/a><br \/>\n\t\t\t<!-- end Button Group --><br \/>\n\t\t\t<!-- start Zoom Out Product Box --><br \/>\n    \t\t<img decoding=\"async\" src=\"https:\/\/diminimo.de\/wordpress\/wp-content\/uploads\/blox_page_builder\/IMG_20180211_121104.jpg\"  alt=\"\"\/><\/p>\n<p>Visitenkarten<\/p>\n<p>&euro; 500 Stck. ab 40,-\u20ac<\/p>\n<p>            <a href=\"#kontakt\">Rufen Sie uns an!<\/a><br \/>\n\t\t\t<!-- end Zoom Out Product Box --><br \/>\n\t\t\t<!-- start Zoom Out Product Box --><br \/>\n    \t\t<img decoding=\"async\" src=\"https:\/\/diminimo.de\/wordpress\/wp-content\/uploads\/blox_page_builder\/IMG_20180211_121511.jpg\"  alt=\"\"\/><\/p>\n<p>Flyer\/Gutscheine<\/p>\n<p>&euro; 1000 Stck. 50,-\u20ac<\/p>\n<p>            <a href=\"#kontakt\">Rufen Sie uns an!<\/a><br \/>\n\t\t\t<!-- end Zoom Out Product Box --><br \/>\n\t\t\t<!-- start Zoom Out Product Box --><br \/>\n    \t\t<img decoding=\"async\" src=\"https:\/\/diminimo.de\/wordpress\/wp-content\/uploads\/blox_page_builder\/Plakate.jpg\"  alt=\"\"\/><\/p>\n<p>Plakate bis A0 &#8211; Bis A3  sofort!<\/p>\n<p>&euro; 25 Stck A1. ab 75,-\u20ac<\/p>\n<p>            <a href=\"#kontakt\">Rufen Sie uns an!<\/a><br \/>\n\t\t\t<!-- end Zoom Out Product Box --><br \/>\n\t\t\t<!-- start Zoom Out Product Box --><br \/>\n    \t\t<img decoding=\"async\" src=\"https:\/\/diminimo.de\/wordpress\/wp-content\/uploads\/blox_page_builder\/DSC_0841.JPG\"  alt=\"\"\/><\/p>\n<p>Einladungskarten<\/p>\n<p>&euro; 100 Stck. ab 30<\/p>\n<p>            <a href=\"#kontakt\">Rufen Sie uns an!<\/a><br \/>\n\t\t\t<!-- end Zoom Out Product Box --><br \/>\n\t\t\t<!-- start Lind Diamond Seperator --><br \/>\n\t\t\t<!-- end Lind Diamond Seperator --><br \/>\n\t\t\t<!-- start Title --><br \/>\nIT-Dienstleistungen<br \/>\n\t\t\t<!-- end Title --><!-- start Paragraph --><br \/>\nAlles rund um PC, Netzwerk und moderne technische Ger\u00e4te<\/p>\n<p>Einfach mal fragen&#8230;<br \/>\n\t\t\t<!-- end Paragraph --><!-- start Button Group --><br \/>\n<a href=\"#kontakt\" id=\"uc_blox_btn_group146421_item1\" target=\"_self\">zu den Kontaktdaten<\/a><br \/>\n\t\t\t<!-- end Button Group --><br \/>\n\t\t\t<!-- start Image --><br \/>\n  <img decoding=\"async\" src=\"https:\/\/diminimo.de\/wordpress\/wp-content\/uploads\/blox_page_builder\/pixabay-f49c6a7f1abfe77d.jpg\" alt=\"\" title=\"\" style=\"max-width:100%; width:100%;border-radius:0px;margin:0;\" \/><br \/>\n\t\t\t<!-- end Image --><br \/>\n\t\t\t<!-- start Animated Feature Box --><\/p>\n<h3>Webseite <\/h3>\n<p>      Aktuell aus Kapazit\u00e4tsgr\u00fcnden nicht verf\u00fcgbar!!<br \/>\n<!-- end of animated feature --><br \/>\n\t\t\t<!-- end Animated Feature Box --><br \/>\n\t\t\t<!-- start Animated Feature Box --><\/p>\n<h3>PC-Probleme<\/h3>\n<p>      &#8222;Was ist denn jetzt schon wieder los?&#8230;&#8220;<br \/>\n<!-- end of animated feature --><br \/>\n\t\t\t<!-- end Animated Feature Box --><br \/>\n\t\t\t<!-- start Animated Feature Box --><\/p>\n<h3>Technische Ger\u00e4te<\/h3>\n<p>      Wenn der Fernseher ein Update m\u00f6chte&#8230;<br \/>\n<!-- end of animated feature --><br \/>\n\t\t\t<!-- end Animated Feature Box --><br \/>\n\t\t\t<!-- start Jumbo Icon Accordion --><br \/>\n  <strong>SIe wollen einen Internet Auftritt?<\/strong> <em> <\/em><br \/>\n    Sie w\u00fcrden f\u00fcr ihren Betrieb gern eine Webseite haben wollen, auf der sich Besucher \u00fcber Ihr Angebot informieren k\u00f6nnen?<br \/>\nAuf der Besucher einfach und unkompliziert mit Ihnen Kontakt aufnehmen k\u00f6nnen?<br \/>\nVielleicht noch eine Bildergalerie auf der Sie ihr Team, ihre Leistungen und Produkte pr\u00e4sentieren k\u00f6nnen?<br \/>\n  <strong>Kosten?<\/strong> <em> <\/em><br \/>\n    Daf\u00fcr braucht es keine riesige Investition und auch der Pflegeaufwand l\u00e4sst sich im \u00fcberschaubaren Rahmen halten!<br \/>\n  <strong>Was nehmen?<\/strong> <em> <\/em><br \/>\n    Von der einfachen, einseitigen Seite mit ihren Kontaktinformationen bis zum ausgewachsenen Content-Management-System auf Joomla oder WordPress-Basis ist vieles m\u00f6glich!<br \/>\n\t\t\t<!-- end Jumbo Icon Accordion --><br \/>\n\t\t\t<!-- start Jumbo Icon Accordion --><br \/>\n  <strong>Hardware<\/strong> <em> <\/em><br \/>\n    Sie haben noch einen Windows XP PC und m\u00fcssten eigentlich etwas tun, trauen sich aber nicht?<br \/>\nIhr PC braucht immer l\u00e4nger zum Hochfahren und die Bedienung f\u00fchlt sich irgendwie z\u00e4h an?<br \/>\nDer PC macht keine Mucks mehr und ihr letzte Datensicherung (H\u00e4, Datensicherung?&#8230;) war bei der Euro-Umstellung?<br \/>\n  <strong>Viren \/ Trojaner<\/strong> <em> <\/em><br \/>\n    Seit einiger Zeit poppen seltsame Fenster auf wenn Sie im Internet surfen<br \/>\nEs starten zuerst 3 andere Seiten bis Sie auf der landen, wo Sie eigentlich hin wollten?<br \/>\nEine Meldung verlangt von Ihnen Geld, um den PC wieder frei zu schalten?<br \/>\n  <strong>Verbindung<\/strong> <em> <\/em><br \/>\n    Ihre Internetverbindung ist seit kurzem tot?<br \/>\nSie bekommen ein WLAN-Ger\u00e4t nicht in ihr Netz obwohl sie sicher sind, dass das Passwort stimmt?<br \/>\n\t\t\t<!-- end Jumbo Icon Accordion --><br \/>\n\t\t\t<!-- start Jumbo Icon Accordion --><br \/>\n  <strong>TV \/ Multimedia<\/strong> <em> <\/em><br \/>\n    Ihr Fernseher verlangt nach einem &#8222;Firmware-Update&#8220;?<br \/>\nUnd \u00fcberhaupt verlangt das Sortieren der Fernsehsender bei Ihrem Ger\u00e4t nach einem Doktortitel oder Ingenieursstudium?<br \/>\n  <strong>Telefonie<\/strong> <em> <\/em><br \/>\n    Sie haben ein neues Handy und \u00fcberlegen, wie Sie ihre ganzen Kontakte vom alten auf das neue Handy bekommen?<br \/>\nSie bekommen das neue schnurlose Telefon nicht an der Basisstation angemeldet?<br \/>\n  <strong>Haushalt<\/strong> <em> <\/em><br \/>\n    Ihr Kaffeevollautomat produziert zu viel \/ zu wenig Kaffee je Tasse?<br \/>\n\t\t\t<!-- end Jumbo Icon Accordion --><br \/>\n\t\t\t<!-- start Lind Diamond Seperator --><br \/>\n\t\t\t<!-- end Lind Diamond Seperator --><br \/>\n\t\t\t<!-- start Round Team Member --><br \/>\n\t\t\t\t<img decoding=\"async\" src=\"https:\/\/diminimo.de\/wordpress\/wp-content\/uploads\/2021\/06\/Stephan_Mickel2-scaled.jpg\"><br \/>\n\t\t\t<!--start of caption block--><\/p>\n<h3>Stephan Mickel<\/h3>\n<p>Gesch\u00e4ftsf\u00fchrer<\/p>\n<p>\n\t\t\t\t\t<a href=\"mailto:info@diminimo.de\"><\/a>\n\t\t\t\t<\/p>\n<p>\t\t\t<!--end of caption block--><br \/>\n\t\t<!--end of team block--><br \/>\n\t\t\t<!-- end Round Team Member --><br \/>\n\t\t\t<!-- start Round Team Member --><br \/>\n\t\t\t\t<img decoding=\"async\" src=\"https:\/\/diminimo.de\/wordpress\/wp-content\/uploads\/blox_page_builder\/IMG_8802bea_preview.jpeg\"><br \/>\n\t\t\t<!--start of caption block--><\/p>\n<h3>Annette Mickel<\/h3>\n<p>Creative Director<\/p>\n<p>\n\t\t\t\t\t<a href=\"mailto:info@diminimo.de\"><\/a>\n\t\t\t\t<\/p>\n<p>\t\t\t<!--end of caption block--><br \/>\n\t\t<!--end of team block--><br \/>\n\t\t\t<!-- end Round Team Member --><br \/>\n\t\t\t<!-- start Small Footer --><br \/>\n                  www.diminimo.de<br \/>\nDrucksachen und IT-Dienstleistungen Stephan Mickel<br \/>\nAm Schwimmbad 18 &#8211; 61197 Florstadt<br \/>\n             Tel.: 06046\/9582962<br \/>\nB\u00fcro: Sprudelstra\u00dfe 2b &#8211; 63683 Ortenberg-Selters<br \/>\n<br \/>\n              info@diminimo.de<br \/>\n\t\t\t<!-- end Small Footer --><\/p>\n","protected":false},"excerpt":{"rendered":"<p>STEPHAN MICKEL Drucksachen u. IT-Dienstleistungen Wenn sie das besondere brauchen&#8230; mehr erfahren Drucksachen Alles was Sie privat oder gesch\u00e4ftlich brauchen, wir drucken oder beschaffen es! Einfach mal fragen&#8230; zu den Kontaktdaten Visitenkarten &euro; 500 Stck. ab 40,-\u20ac Rufen Sie uns an! Flyer\/Gutscheine &euro; 1000 Stck. 50,-\u20ac Rufen Sie uns an!<\/p>\n","protected":false},"author":1,"featured_media":0,"parent":0,"menu_order":1,"comment_status":"closed","ping_status":"closed","template":"page-templates\/template-pagebuilder-full-width.php","meta":{"footnotes":""},"class_list":["post-22","page","type-page","status-publish","hentry"],"_links":{"self":[{"href":"https:\/\/diminimo.de\/index.php?rest_route=\/wp\/v2\/pages\/22","targetHints":{"allow":["GET"]}}],"collection":[{"href":"https:\/\/diminimo.de\/index.php?rest_route=\/wp\/v2\/pages"}],"about":[{"href":"https:\/\/diminimo.de\/index.php?rest_route=\/wp\/v2\/types\/page"}],"author":[{"embeddable":true,"href":"https:\/\/diminimo.de\/index.php?rest_route=\/wp\/v2\/users\/1"}],"replies":[{"embeddable":true,"href":"https:\/\/diminimo.de\/index.php?rest_route=%2Fwp%2Fv2%2Fcomments&post=22"}],"version-history":[{"count":43,"href":"https:\/\/diminimo.de\/index.php?rest_route=\/wp\/v2\/pages\/22\/revisions"}],"predecessor-version":[{"id":200,"href":"https:\/\/diminimo.de\/index.php?rest_route=\/wp\/v2\/pages\/22\/revisions\/200"}],"wp:attachment":[{"href":"https:\/\/diminimo.de\/index.php?rest_route=%2Fwp%2Fv2%2Fmedia&parent=22"}],"curies":[{"name":"wp","href":"https:\/\/api.w.org\/{rel}","templated":true}]}}